{"id":135,"date":"2022-08-18T08:13:27","date_gmt":"2022-08-18T08:13:27","guid":{"rendered":"http:\/\/fotiutiallatorvos.hu\/?page_id=135"},"modified":"2022-09-04T10:38:18","modified_gmt":"2022-09-04T10:38:18","slug":"allatorvos-a-haznal","status":"publish","type":"page","link":"http:\/\/fotiutiallatorvos.hu\/?page_id=135","title":{"rendered":"\u00c1llatorvos a h\u00e1zn\u00e1l"},"content":{"rendered":"\n<p><strong>\u00c1llatorvos h\u00e1zhoz J\u00f6n<\/strong> \/ <strong>\u00c1llatorvos a h\u00e1zn\u00e1l<\/strong>&nbsp; \/ <strong>\u00c1llatorvos az \u00d6n otthon\u00e1ban<\/strong> (Kelet-Budapest \u00e9s Kelet-Pest Megye ter\u00fclet\u00e9n)<\/p>\n\n\n\n<p>A Mobilvet B.T.-t 2007-ben alap\u00edtottuk azzal a c\u00e9llal, hogy \u00e1llatai orvosi esetenk\u00e9nt s\u00fcrg\u0151ss\u00e9gi orvosi kezel\u00e9sben r\u00e9szes\u00fcljenek az \u00d6n otthon\u00e1ban, olyan esetekben, amikor kedvence kezel\u00e9se rendel\u0151i k\u00f6r\u00fclm\u00e9nyeket nem ig\u00e9nyel, vagy \u00e1llata nem viseli j\u00f3l a sz\u00e1ll\u00edt\u00e1ssal \u00e9s a rendel\u0151i v\u00e1rakoz\u00e1ssal egy\u00fctt j\u00e1r\u00f3 kellemetlens\u00e9geket, vagy nem sz\u00e1ll\u00edthat\u00f3.&nbsp; Mi levessz\u00fck az ezzel j\u00e1r\u00f3 kellemetlens\u00e9geket az \u00d6n v\u00e1ll\u00e1r\u00f3l, \u00e9s a saj\u00e1t otthon\u00e1ban&nbsp; biztos\u00edtunk megfelel\u0151 \u00e1llatorvosi ell\u00e1t\u00e1st. Amennyiben sz\u00fcks\u00e9ges, kedvenc\u00e9t rendel\u0151be sz\u00e1ll\u00edt\u00e1s ut\u00e1n rendel\u0151i k\u00f6r\u00fclm\u00e9nyek k\u00f6z\u00f6tt l\u00e1tjuk el (r\u00f6ntgenvizsg\u00e1lat, seb\u00e9szet, fogk\u0151-elt\u00e1vol\u00edt\u00e1s, ivartalan\u00edt\u00e1s,&nbsp; stb.)<\/p>\n\n\n\n<p><strong>Els\u0151dleges \u00e1llataink<\/strong> : Kutya, Macska, Vad\u00e1szg\u00f6r\u00e9ny, Ny\u00fal, Kecske, de ig\u00e9ny szerint a legjobb ell\u00e1t\u00e1st biztos\u00edtjuk m\u00e1s \u00e1llatoknak is, ak\u00e1r speci\u00e1lis szakorvos bevon\u00e1s\u00e1val. \u00c1lland\u00f3 kapcsolatban \u00e1llunk t\u00f6bb szakorvos koll\u00e9g\u00e1val, \u00e9s az \u00c1llatorvosi Egyetem vezet\u0151 oktat\u00f3ival.<\/p>\n\n\n\n<p>Els\u0151dleges m\u0171k\u00f6d\u00e9si ter\u00fcleteink <strong>Kelet-Budapest <\/strong>\u00e9s <strong>Kelet-Pest Megye<\/strong>, de egyeztet\u00e9s alapj\u00e1n ak\u00e1r m\u00e1s ker\u00fcletek vagy v\u00e1rosok s\u00fcrg\u0151ss\u00e9gi ell\u00e1t\u00e1s\u00e1ban is szerepet v\u00e1llalunk. <\/p>\n\n\n\n<p>A gy\u00f3gykezel\u00e9seken k\u00edv\u00fcl v\u00e9d\u0151olt\u00e1sok, microchip be\u00fcltet\u00e9s \u00e9s kis\u00e1llat-\u00fatlev\u00e9l ki\u00e1ll\u00edt\u00e1sa \u00fcgy\u00e9ben is fordulhatnak hozz\u00e1nk.<\/p>\n\n\n\n<table id=\"tablepress-5\" class=\"tablepress tablepress-id-5\">\n<thead>\n<tr class=\"row-1\">\n\t<th colspan=\"2\" class=\"column-1\">Kisz\u00e1ll\u00e1si d\u00edj<\/th>\n<\/tr>\n<\/thead>\n<tbody class=\"row-striping row-hover\">\n<tr class=\"row-2\">\n\t<td class=\"column-1\">Dunakeszi, F\u00f3t<\/td><td class=\"column-2\">5 000 Ft<\/td>\n<\/tr>\n<tr class=\"row-3\">\n\t<td class=\"column-1\">Mogyor\u00f3d, Szada, G\u00f6d, Veresegyh\u00e1z<\/td><td class=\"column-2\">7 000 Ft<\/td>\n<\/tr>\n<\/tbody>\n<\/table>\n<!-- #tablepress-5 from cache -->\n","protected":false},"excerpt":{"rendered":"<p>\u00c1llatorvos h\u00e1zhoz J\u00f6n \/ \u00c1llatorvos a h\u00e1zn\u00e1l&nbsp; \/ \u00c1llatorvos az \u00d6n otthon\u00e1ban (Kelet-Budapest \u00e9s Kelet-Pest Megye ter\u00fclet\u00e9n) A Mobilvet B.T.-t 2007-ben alap\u00edtottuk azzal a c\u00e9llal, hogy \u00e1llatai orvosi esetenk\u00e9nt s\u00fcrg\u0151ss\u00e9gi orvosi kezel\u00e9sben r\u00e9szes\u00fcljenek az \u00d6n otthon\u00e1ban, olyan esetekben, amikor kedvence&#8230; <a class=\"more-link\" href=\"http:\/\/fotiutiallatorvos.hu\/?page_id=135\">Continue Reading &rarr;<\/a><\/p>\n","protected":false},"author":1,"featured_media":0,"parent":0,"menu_order":0,"comment_status":"closed","ping_status":"closed","template":"","meta":{"footnotes":""},"class_list":["post-135","page","type-page","status-publish","hentry"],"jetpack_sharing_enabled":true,"_links":{"self":[{"href":"http:\/\/fotiutiallatorvos.hu\/index.php?rest_route=\/wp\/v2\/pages\/135","targetHints":{"allow":["GET"]}}],"collection":[{"href":"http:\/\/fotiutiallatorvos.hu\/index.php?rest_route=\/wp\/v2\/pages"}],"about":[{"href":"http:\/\/fotiutiallatorvos.hu\/index.php?rest_route=\/wp\/v2\/types\/page"}],"author":[{"embeddable":true,"href":"http:\/\/fotiutiallatorvos.hu\/index.php?rest_route=\/wp\/v2\/users\/1"}],"replies":[{"embeddable":true,"href":"http:\/\/fotiutiallatorvos.hu\/index.php?rest_route=%2Fwp%2Fv2%2Fcomments&post=135"}],"version-history":[{"count":5,"href":"http:\/\/fotiutiallatorvos.hu\/index.php?rest_route=\/wp\/v2\/pages\/135\/revisions"}],"predecessor-version":[{"id":169,"href":"http:\/\/fotiutiallatorvos.hu\/index.php?rest_route=\/wp\/v2\/pages\/135\/revisions\/169"}],"wp:attachment":[{"href":"http:\/\/fotiutiallatorvos.hu\/index.php?rest_route=%2Fwp%2Fv2%2Fmedia&parent=135"}],"curies":[{"name":"wp","href":"https:\/\/api.w.org\/{rel}","templated":true}]}}

Állatorvos a háznál

<p><strong>Állatorvos házhoz Jön</strong> / <strong>Állatorvos a háznál</strong>&nbsp; / <strong>Állatorvos az Ön otthonában</strong> (Kelet-Budapest és Kelet-Pest Megye területén)</p>



<p>A Mobilvet B.T.-t 2007-ben alapítottuk azzal a céllal, hogy állatai orvosi esetenként sürgősségi orvosi kezelésben részesüljenek az Ön otthonában, olyan esetekben, amikor kedvence kezelése rendelői körülményeket nem igényel, vagy állata nem viseli jól a szállítással és a rendelői várakozással együtt járó kellemetlenségeket, vagy nem szállítható.&nbsp; Mi levesszük az ezzel járó kellemetlenségeket az Ön válláról, és a saját otthonában&nbsp; biztosítunk megfelelő állatorvosi ellátást. Amennyiben szükséges, kedvencét rendelőbe szállítás után rendelői körülmények között látjuk el (röntgenvizsgálat, sebészet, fogkő-eltávolítás, ivartalanítás,&nbsp; stb.)</p>



<p><strong>Elsődleges állataink</strong> : Kutya, Macska, Vadászgörény, Nyúl, Kecske, de igény szerint a legjobb ellátást biztosítjuk más állatoknak is, akár speciális szakorvos bevonásával. Állandó kapcsolatban állunk több szakorvos kollégával, és az Állatorvosi Egyetem vezető oktatóival.</p>



<p>Elsődleges működési területeink <strong>Kelet-Budapest </strong>és <strong>Kelet-Pest Megye</strong>, de egyeztetés alapján akár más kerületek vagy városok sürgősségi ellátásában is szerepet vállalunk. </p>



<p>A gyógykezeléseken kívül védőoltások, microchip beültetés és kisállat-útlevél kiállítása ügyében is fordulhatnak hozzánk.</p>



<table id="tablepress-5" class="tablepress tablepress-id-5">
<thead>
<tr class="row-1">
	<th colspan="2" class="column-1">Kiszállási díj</th>
</tr>
</thead>
<tbody class="row-striping row-hover">
<tr class="row-2">
	<td class="column-1">Dunakeszi, Fót</td><td class="column-2">5 000 Ft</td>
</tr>
<tr class="row-3">
	<td class="column-1">Mogyoród, Szada, Göd, Veresegyház</td><td class="column-2">7 000 Ft</td>
</tr>
</tbody>
</table>
<!-- #tablepress-5 from cache -->

<p>Állatorvos házhoz Jön / Állatorvos a háznál&nbsp; / Állatorvos az Ön otthonában (Kelet-Budapest és Kelet-Pest Megye területén) A Mobilvet B.T.-t 2007-ben alapítottuk azzal a céllal, hogy állatai orvosi esetenként sürgősségi orvosi kezelésben részesüljenek az Ön otthonában, olyan esetekben, amikor kedvence&#8230; <a class="more-link" href="http://fotiutiallatorvos.hu/?page_id=135">Continue Reading &rarr;</a></p>
