{"id":24,"date":"2022-08-15T17:51:27","date_gmt":"2022-08-15T17:51:27","guid":{"rendered":"http:\/\/fotiutiallatorvos.hu\/?page_id=24"},"modified":"2025-07-15T16:53:13","modified_gmt":"2025-07-15T14:53:13","slug":"nyitvatartasi-ido","status":"publish","type":"page","link":"http:\/\/fotiutiallatorvos.hu\/?page_id=24","title":{"rendered":"Nyitvatart\u00e1si id\u0151"},"content":{"rendered":"\n<p class=\"has-text-color\" style=\"color:#e91010\"><strong>El\u0151zetes <a href=\"http:\/\/fotiutiallatorvos.hu\/?page_id=26\" data-type=\"page\" data-id=\"26\">telefonos<\/a> id\u0151pont foglal\u00e1s sz\u00fcks\u00e9ges!<\/strong><\/p>\n\n\n\n<p><\/p>\n\n\n\n<p><strong>H\u00e9tf\u0151 \u2013 P\u00e9ntek:<\/strong><br>9:00 \u2013 11:00, 16:00 \u2013 19:00<br><strong>Szombat:<\/strong><br>9:00 \u2013 11:00<br><strong>Vas\u00e1rnap: Z\u00e1rva<\/strong><\/p>\n","protected":false},"excerpt":{"rendered":"<p>El\u0151zetes telefonos id\u0151pont foglal\u00e1s sz\u00fcks\u00e9ges! H\u00e9tf\u0151 \u2013 P\u00e9ntek:9:00 \u2013 11:00, 16:00 \u2013 19:00Szombat:9:00 \u2013 11:00Vas\u00e1rnap: Z\u00e1rva<\/p>\n","protected":false},"author":1,"featured_media":0,"parent":0,"menu_order":0,"comment_status":"closed","ping_status":"closed","template":"","meta":{"footnotes":""},"class_list":["post-24","page","type-page","status-publish","hentry"],"jetpack_sharing_enabled":true,"_links":{"self":[{"href":"http:\/\/fotiutiallatorvos.hu\/index.php?rest_route=\/wp\/v2\/pages\/24","targetHints":{"allow":["GET"]}}],"collection":[{"href":"http:\/\/fotiutiallatorvos.hu\/index.php?rest_route=\/wp\/v2\/pages"}],"about":[{"href":"http:\/\/fotiutiallatorvos.hu\/index.php?rest_route=\/wp\/v2\/types\/page"}],"author":[{"embeddable":true,"href":"http:\/\/fotiutiallatorvos.hu\/index.php?rest_route=\/wp\/v2\/users\/1"}],"replies":[{"embeddable":true,"href":"http:\/\/fotiutiallatorvos.hu\/index.php?rest_route=%2Fwp%2Fv2%2Fcomments&post=24"}],"version-history":[{"count":3,"href":"http:\/\/fotiutiallatorvos.hu\/index.php?rest_route=\/wp\/v2\/pages\/24\/revisions"}],"predecessor-version":[{"id":212,"href":"http:\/\/fotiutiallatorvos.hu\/index.php?rest_route=\/wp\/v2\/pages\/24\/revisions\/212"}],"wp:attachment":[{"href":"http:\/\/fotiutiallatorvos.hu\/index.php?rest_route=%2Fwp%2Fv2%2Fmedia&parent=24"}],"curies":[{"name":"wp","href":"https:\/\/api.w.org\/{rel}","templated":true}]}}